ided by 92?
83
Calculate the remainder when 39973 is divided by 1378.
11
Calculate the remainder when 265 is divided by 124.
17
Calculate the remainder when 31362 is divided by 3131.
52
Calculate the remainder when 314983 is divided by 33.
31
Calculate the remainder when 38621 is divided by 594.
11
Calculate the remainder when 5264 is divided by 266.
210
What is the remainder when 106242 is divided by 35354?
180
Calculate the remainder when 16558 is divided by 229.
70
Calculate the remainder when 6055 is divided by 208.
23
What is the remainder when 60618 is divided by 144?
138
What is the remainder when 2032 is divided by 58?
2
What is the remainder when 221930 is divided by 32?
10
Calculate the remainder when 3023 is divided by 345.
263
Calculate the remainder when 31392 is divided by 15690.
12
Calculate the remainder when 664 is divided by 15.
4
Calculate the remainder when 2145 is divided by 74.
73
Calculate the remainder when 42839 is divided by 63.
62
What is the remainder when 3417 is divided by 3415?
2
Calculate the remainder when 1197060 is divided by 309.
303
Calculate the remainder when 27554 is divided by 13777.
0
What is the remainder when 4659405 is divided by 151?
149
Calculate the remainder when 207223 is divided by 69073.
4
What is the remainder when 77232 is divided by 1152?
48
What is the remainder when 146 is divided by 24?
2
Calculate the remainder when 5632 is divided by 1534.
1030
Calculate the remainder when 24620 is divided by 19.
15
Calculate the remainder when 403057 is divided by 40305.
7
What is the remainder when 41123 is divided by 20556?
11
Calculate the remainder when 468928 is divided by 156307.
7
Calculate the remainder when 2774 is divided by 2771.
3
What is the remainder when 449224 is divided by 573?
565
Calculate the remainder when 9651 is divided by 69.
60
What is the remainder when 13672 is divided by 667?
332
Calculate the remainder when 18248 is divided by 214.
58
Calculate the remainder when 18248 is divided by 1102.
616
Calculate the remainder when 7212 is divided by 378.
30
Calculate the remainder when 79169 is divided by 1439.
24
What is the remainder when 8787 is divided by 83?
72
What is the remainder when 860711 is divided by 19?
11
What is the remainder when 42660 is divided by 724?
668
Calculate the remainder when 517439 is divided by 178.
171
What is the remainder when 50683 is divided by 25333?
17
Calculate the remainder when 11698 is divided by 34.
2
Calculate the remainder when 21590 is divided by 8.
6
Calculate the remainder when 24369 is divided by 72.
33
Calculate the remainder when 5710 is divided by 1596.
922
Calculate the remainder when 3206 is divided by 457.
7
What is the remainder when 1036819 is divided by 345602?
13
What is the remainder when 217853 is divided by 434?
419
Calculate the remainder when 153546 is divided by 8.
2
Calculate the remainder when 228539 is divided by 229.
226
Calculate the remainder when 1503959 is divided by 453.
452
Calculate the remainder when 105348 is divided by 104.
100
What is the remainder when 13190242 is divided by 445?
442
Calculate the remainder when 1694 is divided by 185.
29
Calculate the remainder when 350278 is divided by 278.
276
What is the remainder when 32957 is divided by 428?
1
Calculate the remainder when 43646 is divided by 364.
330
What is the remainder when 736287 is divided by 30678?
15
Calculate the remainder when 25660 is divided by 2562.
40
What is the remainder when 19996 is divided by 145?
131
Calculate the remainder when 28973 is divided by 237.
59
What is the remainder when 3100 is divided by 911?
367
What is the remainder when 17854 is divided by 24?
22
What is the remainder when 287394 is divided by 251?
250
Calculate the remainder when 4419 is divided by 1082.
91
What is the remainder when 42775 is divided by 192?
151
What is the remainder when 37496 is divided by 88?
8
Calculate the remainder when 61950 is divided by 558.
12
What is the remainder when 20838 is divided by 52?
38
Calculate the remainder when 760128 is divided by 24520.
8
Calculate the remainder when 3039 is divided by 697.
251
What is the remainder when 6183 is divided by 685?
18
What is the remainder when 52574 is divided by 1094?
62
Calculate the remainder when 204589 is divided by 50.
39
Calculate the remainder when 1040248 is divided by 57.
55
What is the remainder when 10787 is divided by 3483?
338
Calculate the remainder when 2055 is divided by 504.
39
What is the remainder when 2936 is divided by 271?
226
Calculate the remainder when 306 is divided by 244.
62
What is the remainder when 30364 is divided by 52?
48
Calculate the remainder when 120799 is divided by 80.
79
Calculate the remainder when 1552209 is divided by 55.
54
Calculate the remainder when 113561 is divided by 212.
141
Calculate the remainder when 35633 is divided by 72.
65
What is the remainder when 165940 is divided by 126?
124
What is the remainder when 89297 is divided by 7?
5
What is the remainder when 419 is divided by 65?
29
What is the remainder when 155648 is divided by 17?
13
Calculate the remainder when 25984 is divided by 888.
232
Calculate the remainder when 28133 is divided by 12.
5
What is the remainder when 10473 is divided by 652?
41
What is the remainder when 812 is divided by 183?
80
Calculate the remainder when 17999 is divided by 30.
29
Calculate the remainder when 2938 is divided by 214.
156
Calculate the remainder when 8816 is divided by 355.
296
Calculate the remainder when 15893 is divided by 15669.
224
Calculate the remainder when 12678 is divided by 2532.
18
What is the remainder when 9739 is divided by 4780?
179
Calculate the remainder when 11400 is divided by 3797.
9
What is the remainder when 54766 is divided by 629?
43
Calculate the remainder when 3212 is divided by 141.
110
Calculate the remainder when 381 is divided by 35.
31
What is the remainder when 46716 is divided by 146?
142
What is the remainder when 2967 is divided by 198?
195
What is the remainder when 488 is divided by 13?
7
Calculate the remainder when 149463 is divided by 316.
311
Calculate the remainder when 6442 is divided by 1285.
17
What is the remainder when 202 is divided by 2?
0
Calculate the remainder when 45013 is divided by 15002.
7
What is the remainder when 316369 is divided by 2491?
12
Calculate the remainder when 19316 is divided by 4664.
660
What is the remainder when 125215 is divided by 25041?
10
Calculate the remainder when 705 is divided by 132.
45
What is the remainder when 14324 is divided by 715?
24
What is the remainder when 4969 is divided by 985?
44
Calculate the remainder when 236298 is divided by 8148.
6
Calculate the remainder when 5208 is divided by 117.
60
What is the remainder when 332489 is divided by 1397?
3
What is the remainder when 181062 is divided by 386?
28
What is the remainder when 149158 is divided by 88?
86
What is the remainder when 66571 is divided by 456?
451
What is the remainder when 398 is divided by 185?
28
Calculate the remainder when 8683 is divided by 64.
43
What is the remainder when 300 is divided by 51?
45
What is the remainder when 20414 is divided by 8?
6
Calculate the remainder when 1161375 is divided by 186.
177
Calculate the remainder when 15452 is divided by 1706.
98
Calculate the remainder when 38554 is divided by 58.
42
What is the remainder when 1585 is divided by 972?
613
Calculate the remainder when 1708 is divided by 542.
82
What is the remainder when 460 is divided by 39?
31
What is the remainder when 103748 is divided by 396?
392
Calculate the remainder when 137026 is divided by 74.
52
What is the remainder when 49100 is divided by 4460?
40
What is the remainder when 4673 is divided by 150?
23
Calculate the remainder when 22502 is divided by 2911.
2125
Calculate the remainder when 7556 is divided by 84.
80
What is the remainder when 19886 is divided by 57?
50
What is the remainder when 180237 is divided by 589?
3
What is the remainder when 41869 is divided by 471?
421
What is the remainder when 29706 is divided by 220?
6
Calculate the remainder when 8198 is divided by 116.
78
What is the remainder when 36586 is divided by 35?
11
Calculate the remainder when 90633 is divided by 265.
3
Calculate the remainder when 